{"id":78,"date":"2021-03-13T15:25:17","date_gmt":"2021-03-13T14:25:17","guid":{"rendered":"https:\/\/angelabarbara11.wordpress.com\/?page_id=78"},"modified":"2024-08-08T18:00:19","modified_gmt":"2024-08-08T18:00:19","slug":"home","status":"publish","type":"page","link":"https:\/\/angela-labus.de\/","title":{"rendered":"Home"},"content":{"rendered":"<style>\n        .rpt {font-family: Domine;font-size: 19px;}\n        @media only screen and (max-width: 768px) {\n            .rpt{font-size: 16px;}\n        }\n<\/style>\n\n\n<div class=\"wp-block-group alignfull\"><div class=\"wp-block-group__inner-container is-layout-flow wp-block-group-is-layout-flow\">\n<div class=\"wp-block-jetpack-layout-grid alignfull column1-desktop-grid__span-12 column1-desktop-grid__row-1 column1-tablet-grid__span-8 column1-tablet-grid__row-1 column1-mobile-grid__span-4 column1-mobile-grid__row-1 wp-block-jetpack-layout-gutter__huge\">\n<div class=\"wp-block-jetpack-layout-grid-column wp-block-jetpack-layout-grid__padding-none\"><div class=\"wp-block-image\">\n<figure class=\"aligncenter size-full\"><img loading=\"lazy\" decoding=\"async\" width=\"2560\" height=\"1311\" src=\"https:\/\/angela-labus.de\/wp-content\/uploads\/2021\/05\/LeutturmLang-scaled.jpg\" alt=\"Weg zum Leuchtturm am Meer mit sanftem orangenem Himmellicht\" class=\"wp-image-2300\" srcset=\"https:\/\/angela-labus.de\/wp-content\/uploads\/2021\/05\/LeutturmLang-scaled.jpg 2560w, https:\/\/angela-labus.de\/wp-content\/uploads\/2021\/05\/LeutturmLang-300x154.jpg 300w, https:\/\/angela-labus.de\/wp-content\/uploads\/2021\/05\/LeutturmLang-700x359.jpg 700w, https:\/\/angela-labus.de\/wp-content\/uploads\/2021\/05\/LeutturmLang-768x393.jpg 768w, https:\/\/angela-labus.de\/wp-content\/uploads\/2021\/05\/LeutturmLang-1536x787.jpg 1536w, https:\/\/angela-labus.de\/wp-content\/uploads\/2021\/05\/LeutturmLang-2048x1049.jpg 2048w, https:\/\/angela-labus.de\/wp-content\/uploads\/2021\/05\/LeutturmLang-117x60.jpg 117w\" sizes=\"auto, (max-width: 2560px) 100vw, 2560px\" \/><\/figure>\n<\/div>\n\n\n<h2 class=\"wp-block-heading has-text-align-center\" style=\"font-size:44px\">Ich lade Sie ein, neue Wege zu gehen!<\/h2>\n\n\n\n<div style=\"height:50px\" aria-hidden=\"true\" class=\"wp-block-spacer Handy2\"><\/div>\n\n\n\n<div class=\"wp-block-columns is-layout-flex wp-container-core-columns-is-layout-9d6595d7 wp-block-columns-is-layout-flex\">\n<div class=\"wp-block-column is-layout-flow wp-block-column-is-layout-flow\" style=\"flex-basis:100%\">\n<div class=\"wp-block-columns is-layout-flex wp-container-core-columns-is-layout-9d6595d7 wp-block-columns-is-layout-flex\">\n<div class=\"wp-block-column is-layout-flow wp-block-column-is-layout-flow\">\n<h2 class=\"wp-block-heading has-text-align-center\">Sind Sie bereit, Ihr Wohlergehen selbst in die Hand zu nehmen?<\/h2>\n\n\n\n<ul style=\"font-size:25px\" class=\"wp-block-list liste1 bullets listegross Handy3 link2\">\n<li><strong>Hadern Sie mit sich, Ihrer Partnerschaft, Ihrem Leben?<\/strong><br>\n<span class=\"rpt\">\nSind Sie ungl\u00fccklich, unzufrieden, \u00fcberkritisch mit sich und anderen, haben Sie Liebeskummer, fehlt die Freude?<\/span><\/li>\n\n\n\n<li><strong>Fragen Sie sich, was mit Ihnen eigentlich los ist?<\/strong><br>\n<span class=\"rpt\">\nLeiden Sie unter \u00c4ngsten, \u00dcberempfindlichkeit, Unruhe, Unsicherheit, emotionalen Ausbr\u00fcchen, Depressivit\u00e4t?<\/span><\/li>\n\n\n\n<li><strong>Belasten Konflikte mit anderen Menschen Ihr Leben<\/strong>:<strong> <\/strong>\n<span class=\"rpt\">\nEltern, Chef, Kollegen, Nachbarn, Kinder, Partner?<\/span><\/li>\n\n\n\n<li><strong>Sendet Ihr K\u00f6rper alarmierende \u00dcberforderungssignale?<\/strong><br>\n<span class=\"rpt\">\nLeiden Sie unter h\u00e4ufigen Kopfschmerzen, Schlafst\u00f6rungen, Energielosigkeit, Schmerzen, Verspannungen, chronischen Erkrankungen. Verletzen Sie sich h\u00e4ufig? <\/span><\/li>\n\n\n\n<li><strong>Suchen Sie eine therapeutische Begleitung, die die spirituelle Ebene mit einbezieht<\/strong> \n<span class=\"rpt\">\nbzw. therapeutische Unterst\u00fctzung auf Ihrem spirituellen Weg? <\/span><\/li>\n\n\n\n<li><strong>Ist ein schockierendes\/noch heute belastendes Erlebnis zu verarbeiten?<\/strong><br>\n<span class=\"rpt\">\nL\u00f6st die Erinnerung an einen Unfall, einen Todesfall, ein Gewaltverbrechen, eine K\u00fcndigung, Mobbing immer noch belastende Gef\u00fchle aus?<\/span><\/li>\n\n\n\n<li><strong>Braucht Ihre Paarbeziehung lebendige Impulse?<\/strong><br>\n<span class=\"rpt\">\nHaben Sie sich nichts mehr zu sagen, werden Konfliktthemen totgeschwiegen, endet jede Auseinandersetzung im Drama und einer Sackgasse, keine Lust mehr auf Sex?<\/span><\/li>\n\n\n\n<li><strong>Wollen Sie die Beziehung zu Ihrem Kind verbessern,<\/strong>\n<span class=\"rpt\">\neinen guten Kontakt zu Ihrem Kind gestalten, seinen Bed\u00fcrfnissen gerecht werden und dabei fest in Ihrer liebevollen elterlichen Autorit\u00e4t verankert sein? Gibt es st\u00e4ndig Streit mit dem anderen Elternteil wegen des Kindes?<\/span><\/li>\n<\/ul>\n\n\n\n<div class=\"wp-block-group\"><div class=\"wp-block-group__inner-container is-layout-flow wp-block-group-is-layout-flow\">\n<h2 class=\"wp-block-heading has-text-align-center\">Sie m\u00fcssen dies alles nicht alleine bew\u00e4ltigen!<\/h2>\n\n\n\n<div class=\"wp-block-buttons is-horizontal is-content-justification-center is-layout-flex wp-container-core-buttons-is-layout-499968f5 wp-block-buttons-is-layout-flex\">\n<div class=\"wp-block-button\"><a class=\"wp-block-button__link wp-element-button\" href=\"\/index.php\/Kontakt\" style=\"border-radius:12px\">Kontakt<\/a><\/div>\n<\/div>\n\n\n\n<p><\/p>\n<\/div><\/div>\n\n\n\n<div style=\"height:70px\" aria-hidden=\"true\" class=\"wp-block-spacer\"><\/div>\n\n\n\n<div style=\"height:70px\" aria-hidden=\"true\" class=\"wp-block-spacer Handy2\"><\/div>\n\n\n\n<div class=\"wp-block-media-text alignwide has-media-on-the-right is-stacked-on-mobile is-vertically-aligned-center is-image-fill has-white-background-color has-background\" style=\"grid-template-columns:auto 49%\"><div class=\"wp-block-media-text__content\">\n<div style=\"height:15px\" aria-hidden=\"true\" class=\"wp-block-spacer Handy2\"><\/div>\n\n\n\n<h2 class=\"wp-block-heading has-text-align-center\">Mein Angebot f\u00fcr Sie:<\/h2>\n\n\n\n<p>Unklarheit, negatives Denken, belastende Gef\u00fchle, fehlende Informationen und mangelndes Gewusst-Wie sind die Hauptursachen f\u00fcr die meisten Probleme.<br>Mit meiner Unterst\u00fctzung k\u00f6nnen Sie:<\/p>\n\n\n\n<ul class=\"wp-block-list bullets listeklein\">\n<li>gl\u00fccklichere Beziehungen f\u00fchren <\/li>\n\n\n\n<li>sich selbst in Ihrer Eigenart besser gerecht werden und wertsch\u00e4tzen<\/li>\n\n\n\n<li>entspanntere und souver\u00e4nere Eltern werden <\/li>\n\n\n\n<li>Ihre Ziele endlich erreichen<\/li>\n\n\n\n<li>Ihrem Sinn im Leben auf die Spur kommen<\/li>\n\n\n\n<li>sich von einer belastenden Vergangenheit befreien<\/li>\n\n\n\n<li>in Ihr Herz und Ihre Liebe finden<\/li>\n\n\n\n<li>einen besseren Kontakt zu Ihrem K\u00f6rper aufbauen.<br><\/li>\n<\/ul>\n\n\n\n<div style=\"height:25px\" aria-hidden=\"true\" class=\"wp-block-spacer\"><\/div>\n\n\n\n<h2 class=\"wp-block-heading has-text-align-center\" style=\"font-size:28px\">In diesem Sinne biete ich Ihnen an:<\/h2>\n\n\n\n<p class=\"has-text-align-center has-normal-font-size\">Beratung &amp; Therapie ausschlie\u00dflich online per Video<br>(Erstgespr\u00e4ch vor Ort in Kassel m\u00f6glich) <br>TRE\u00ae vor Ort in Kassel<br>auch samstags<\/p>\n\n\n\n<div class=\"wp-block-buttons is-horizontal is-content-justification-center is-layout-flex wp-container-core-buttons-is-layout-499968f5 wp-block-buttons-is-layout-flex\">\n<div class=\"wp-block-button\"><a class=\"wp-block-button__link wp-element-button\" href=\"https:\/\/angela-labus.de\/index.php\/angebot\/\" style=\"border-radius:12px\">mehr erfahren<\/a><\/div>\n<\/div>\n\n\n\n<p class=\"has-text-align-center has-normal-font-size\"><br>Bitte beachten Sie, dass dies eine <a href=\"\/index.php\/Angebot#Fragen\"><span style=\"color:#ebb589\" class=\"has-inline-color\">Selbstzahlerpraxis<\/span><\/a> ist!<\/p>\n<\/div><figure class=\"wp-block-media-text__media\" style=\"background-image:url(https:\/\/angela-labus.de\/wp-content\/uploads\/2021\/05\/cosmea-3555292_1920-1-700x467.jpg);background-position:50% 50%\"><img loading=\"lazy\" decoding=\"async\" width=\"700\" height=\"467\" src=\"https:\/\/angela-labus.de\/wp-content\/uploads\/2021\/05\/cosmea-3555292_1920-1-700x467.jpg\" alt=\"\" class=\"wp-image-662 size-medium\" srcset=\"https:\/\/angela-labus.de\/wp-content\/uploads\/2021\/05\/cosmea-3555292_1920-1-700x467.jpg 700w, https:\/\/angela-labus.de\/wp-content\/uploads\/2021\/05\/cosmea-3555292_1920-1-300x200.jpg 300w, https:\/\/angela-labus.de\/wp-content\/uploads\/2021\/05\/cosmea-3555292_1920-1-768x512.jpg 768w, https:\/\/angela-labus.de\/wp-content\/uploads\/2021\/05\/cosmea-3555292_1920-1-1536x1024.jpg 1536w, https:\/\/angela-labus.de\/wp-content\/uploads\/2021\/05\/cosmea-3555292_1920-1-720x480.jpg 720w, https:\/\/angela-labus.de\/wp-content\/uploads\/2021\/05\/cosmea-3555292_1920-1-360x240.jpg 360w, https:\/\/angela-labus.de\/wp-content\/uploads\/2021\/05\/cosmea-3555292_1920-1.jpg 1920w\" sizes=\"auto, (max-width: 700px) 100vw, 700px\" \/><\/figure><\/div>\n\n\n\n<div style=\"height:45px\" aria-hidden=\"true\" class=\"wp-block-spacer\"><\/div>\n\n\n\n<div style=\"height:120px\" aria-hidden=\"true\" class=\"wp-block-spacer Handy2\"><\/div>\n\n\n\n<div class=\"wp-block-media-text alignwide is-stacked-on-mobile is-vertically-aligned-top has-white-background-color has-background\" style=\"grid-template-columns:49% auto\"><figure class=\"wp-block-media-text__media\"><img loading=\"lazy\" decoding=\"async\" width=\"700\" height=\"875\" src=\"https:\/\/angela-labus.de\/wp-content\/uploads\/2021\/05\/Lebenskunst-700x875.jpg\" alt=\"Delphine an der Steilk\u00fcste, als Symbol f\u00fcr Lebenskunst\" class=\"wp-image-816 size-medium\" srcset=\"https:\/\/angela-labus.de\/wp-content\/uploads\/2021\/05\/Lebenskunst-700x875.jpg 700w, https:\/\/angela-labus.de\/wp-content\/uploads\/2021\/05\/Lebenskunst-240x300.jpg 240w, https:\/\/angela-labus.de\/wp-content\/uploads\/2021\/05\/Lebenskunst-768x960.jpg 768w, https:\/\/angela-labus.de\/wp-content\/uploads\/2021\/05\/Lebenskunst-48x60.jpg 48w, https:\/\/angela-labus.de\/wp-content\/uploads\/2021\/05\/Lebenskunst.jpg 900w\" sizes=\"auto, (max-width: 700px) 100vw, 700px\" \/><\/figure><div class=\"wp-block-media-text__content\">\n<h2 class=\"wp-block-heading has-text-align-center\">Praxis f\u00fcr Lebenskunst<\/h2>\n\n\n\n<p>Lebenskunst ist f\u00fcr mich:<\/p>\n\n\n\n<ul class=\"wp-block-list bullets listeklein\">\n<li>Wertsch\u00e4tzung f\u00fcr mich und das, was ich habe<\/li>\n\n\n\n<li>frei, intuitiv und mit offenem Herzen auf Ereignisse reagieren zu k\u00f6nnen<\/li>\n\n\n\n<li>die F\u00e4higkeit, mich von Verletzungen zu befreien und mich selbst beruhigen zu k\u00f6nnen<\/li>\n\n\n\n<li>meiner individuellen Natur entsprechend zu leben und mir treu zu sein<\/li>\n\n\n\n<li>guten Kontakt zu meinen Gef\u00fchlen zu haben<\/li>\n\n\n\n<li>gesunde und lebendige Beziehungen gestalten zu k\u00f6nnen<\/li>\n\n\n\n<li>als Eltern selbstsicher handlungsf\u00e4hig zu sein und immer wieder Bindung zu meinem Kind herstellen zu k\u00f6nnen<\/li>\n\n\n\n<li>ein Leben mit Freude, Heiterkeit und spielerischer Leichtigkeit zu f\u00fchren<\/li>\n<\/ul>\n\n\n\n<div style=\"height:16px\" aria-hidden=\"true\" class=\"wp-block-spacer\"><\/div>\n\n\n\n<div class=\"wp-block-buttons is-horizontal is-content-justification-center is-layout-flex wp-container-core-buttons-is-layout-499968f5 wp-block-buttons-is-layout-flex\">\n<div class=\"wp-block-button\"><a class=\"wp-block-button__link wp-element-button\" href=\"\/index.php\/lebenskunst\/\" style=\"border-radius:12px\">mehr erfahren<\/a><\/div>\n<\/div>\n<\/div><\/div>\n\n\n\n<div style=\"height:70px\" aria-hidden=\"true\" class=\"wp-block-spacer\"><\/div>\n\n\n\n<div style=\"height:70px\" aria-hidden=\"true\" class=\"wp-block-spacer Handy2\"><\/div>\n\n\n\n<div class=\"wp-block-media-text alignwide has-media-on-the-right is-stacked-on-mobile is-vertically-aligned-top has-white-background-color has-background\" style=\"grid-template-columns:auto 46%\"><div class=\"wp-block-media-text__content\">\n<h2 class=\"wp-block-heading has-text-align-center\">Klarheit mit Herz<\/h2>\n\n\n\n<p>Ich liebe Menschen und ich liebe es, sie bei meiner Arbeit von innen kennenlernen zu d\u00fcrfen. Es macht mir Spa\u00df, das was ich h\u00f6re und sehe, genau und tief zu betrachten. Dank meiner umfangreichen Lebens- und Berufserfahrung und meiner Klarsicht bringe ich den Kern Ihres Problems schnell auf den Punkt und zeige Ihnen ganz konkret einen L\u00f6sungsweg auf.<br>Dazu braucht es mein breitgef\u00e4chertes Expertenwissen, ausgepr\u00e4gte analytische F\u00e4higkeiten, eine gute Intuition\/Sensitivit\u00e4t und ein offenes Herz f\u00fcr Sie und Ihr Anliegen.<br>Und damit sich wirklich endlich in der Tiefe Ihrer Psyche etwas \u00e4ndern kann, und somit auch in Ihrem Leben, gehe ich mit Ihnen den energetischen Weg \u00fcber den K\u00f6rper und die Gef\u00fchle.<br>So haben wir die Grundlagen f\u00fcr eine hohe und sanfte Effektivit\u00e4t.<\/p>\n\n\n\n<div class=\"wp-block-buttons is-horizontal is-content-justification-center is-layout-flex wp-container-core-buttons-is-layout-499968f5 wp-block-buttons-is-layout-flex\">\n<div class=\"wp-block-button\"><a class=\"wp-block-button__link wp-element-button\" href=\"\/index.php\/uber-mich\/\" style=\"border-radius:12px\">mehr erfahren<\/a><\/div>\n<\/div>\n<\/div><figure class=\"wp-block-media-text__media\"><img loading=\"lazy\" decoding=\"async\" width=\"1560\" height=\"2040\" src=\"https:\/\/angela-labus.de\/wp-content\/uploads\/2021\/05\/portrait.jpg\" alt=\"Portraitfoto der Therapeutin\" class=\"wp-image-1025 size-full\" srcset=\"https:\/\/angela-labus.de\/wp-content\/uploads\/2021\/05\/portrait.jpg 1560w, https:\/\/angela-labus.de\/wp-content\/uploads\/2021\/05\/portrait-229x300.jpg 229w, https:\/\/angela-labus.de\/wp-content\/uploads\/2021\/05\/portrait-700x915.jpg 700w, https:\/\/angela-labus.de\/wp-content\/uploads\/2021\/05\/portrait-768x1004.jpg 768w, https:\/\/angela-labus.de\/wp-content\/uploads\/2021\/05\/portrait-1175x1536.jpg 1175w, https:\/\/angela-labus.de\/wp-content\/uploads\/2021\/05\/portrait-46x60.jpg 46w\" sizes=\"auto, (max-width: 1560px) 100vw, 1560px\" \/><\/figure><\/div>\n\n\n\n<div style=\"height:45px\" aria-hidden=\"true\" class=\"wp-block-spacer\"><\/div>\n\n\n\n<div style=\"height:41px\" aria-hidden=\"true\" class=\"wp-block-spacer\"><\/div>\n\n\n\n<div style=\"height:21px\" aria-hidden=\"true\" class=\"wp-block-spacer Handy2\"><\/div>\n<\/div>\n<\/div>\n<\/div>\n<\/div>\n<\/div>\n<\/div>\n<\/div><\/div>\n\n\n\n<p><\/p>\n","protected":false},"excerpt":{"rendered":"","protected":false},"author":1,"featured_media":0,"parent":0,"menu_order":0,"comment_status":"closed","ping_status":"closed","template":"","meta":{"footnotes":""},"class_list":["post-78","page","type-page","status-publish","hentry"],"yoast_head":"<!-- This site is optimized with the Yoast SEO plugin v16.9 - https:\/\/yoast.com\/wordpress\/plugins\/seo\/ -->\n<title>Angela Labus - Praxis f\u00fcr Lebenskunst<\/title>\n<meta name=\"description\" content=\"Diplom-Psychologin, Onlineberatung und Therapie per Video, Klopftechnik MET, TRE, Paarberatung, Elternberatung, Trauma, spirituelle Begleitung, Psychotherapie\" \/>\n<meta name=\"robots\" content=\"index, follow, max-snippet:-1, max-image-preview:large, max-video-preview:-1\" \/>\n<link rel=\"canonical\" href=\"https:\/\/angela-labus.de\/\" \/>\n<meta property=\"og:locale\" content=\"de_DE\" \/>\n<meta property=\"og:type\" content=\"article\" \/>\n<meta property=\"og:title\" content=\"Angela Labus - Praxis f\u00fcr Lebenskunst\" \/>\n<meta property=\"og:description\" content=\"Diplom-Psychologin, Onlineberatung und Therapie per Video, Klopftechnik MET, TRE, Paarberatung, Elternberatung, Trauma, spirituelle Begleitung, Psychotherapie\" \/>\n<meta property=\"og:url\" content=\"https:\/\/angela-labus.de\/\" \/>\n<meta property=\"og:site_name\" content=\"Angela Labus\" \/>\n<meta property=\"article:modified_time\" content=\"2024-08-08T18:00:19+00:00\" \/>\n<meta property=\"og:image\" content=\"https:\/\/angela-labus.de\/wp-content\/uploads\/2021\/05\/LeutturmLang-scaled.jpg\" \/>\n<meta name=\"twitter:card\" content=\"summary_large_image\" \/>\n<meta name=\"twitter:label1\" content=\"Gesch\u00e4tzte Lesezeit\" \/>\n\t<meta name=\"twitter:data1\" content=\"4\u00a0Minuten\" \/>\n<script type=\"application\/ld+json\" class=\"yoast-schema-graph\">{\"@context\":\"https:\/\/schema.org\",\"@graph\":[{\"@type\":[\"Person\",\"Organization\"],\"@id\":\"https:\/\/angela-labus.de\/#\/schema\/person\/91e65647448f60508914a21cd7da6cb0\",\"name\":\"admin\",\"image\":{\"@type\":\"ImageObject\",\"@id\":\"https:\/\/angela-labus.de\/#personlogo\",\"inLanguage\":\"de\",\"url\":\"https:\/\/angela-labus.de\/wp-content\/uploads\/2021\/05\/portrait.jpg\",\"contentUrl\":\"https:\/\/angela-labus.de\/wp-content\/uploads\/2021\/05\/portrait.jpg\",\"width\":1560,\"height\":2040,\"caption\":\"admin\"},\"logo\":{\"@id\":\"https:\/\/angela-labus.de\/#personlogo\"},\"sameAs\":[\"https:\/\/angela-labus.de\"]},{\"@type\":\"WebSite\",\"@id\":\"https:\/\/angela-labus.de\/#website\",\"url\":\"https:\/\/angela-labus.de\/\",\"name\":\"Angela Labus\",\"description\":\"Diplom-Psychologin Heilpraktikerin(Psychotherapie) Onlinepsychologin(per Video)\",\"publisher\":{\"@id\":\"https:\/\/angela-labus.de\/#\/schema\/person\/91e65647448f60508914a21cd7da6cb0\"},\"potentialAction\":[{\"@type\":\"SearchAction\",\"target\":{\"@type\":\"EntryPoint\",\"urlTemplate\":\"https:\/\/angela-labus.de\/?s={search_term_string}\"},\"query-input\":\"required name=search_term_string\"}],\"inLanguage\":\"de\"},{\"@type\":\"ImageObject\",\"@id\":\"https:\/\/angela-labus.de\/#primaryimage\",\"inLanguage\":\"de\",\"url\":\"https:\/\/angela-labus.de\/wp-content\/uploads\/2021\/05\/LeutturmLang-scaled.jpg\",\"contentUrl\":\"https:\/\/angela-labus.de\/wp-content\/uploads\/2021\/05\/LeutturmLang-scaled.jpg\",\"width\":2560,\"height\":1311},{\"@type\":\"WebPage\",\"@id\":\"https:\/\/angela-labus.de\/#webpage\",\"url\":\"https:\/\/angela-labus.de\/\",\"name\":\"Angela Labus - Praxis f\\u00fcr Lebenskunst\",\"isPartOf\":{\"@id\":\"https:\/\/angela-labus.de\/#website\"},\"primaryImageOfPage\":{\"@id\":\"https:\/\/angela-labus.de\/#primaryimage\"},\"datePublished\":\"2021-03-13T14:25:17+00:00\",\"dateModified\":\"2024-08-08T18:00:19+00:00\",\"description\":\"Diplom-Psychologin, Onlineberatung und Therapie per Video, Klopftechnik MET, TRE, Paarberatung, Elternberatung, Trauma, spirituelle Begleitung, Psychotherapie\",\"breadcrumb\":{\"@id\":\"https:\/\/angela-labus.de\/#breadcrumb\"},\"inLanguage\":\"de\",\"potentialAction\":[{\"@type\":\"ReadAction\",\"target\":[\"https:\/\/angela-labus.de\/\"]}]},{\"@type\":\"BreadcrumbList\",\"@id\":\"https:\/\/angela-labus.de\/#breadcrumb\",\"itemListElement\":[{\"@type\":\"ListItem\",\"position\":1,\"name\":\"Startseite\",\"item\":\"https:\/\/angela-labus.de\/\"},{\"@type\":\"ListItem\",\"position\":2,\"name\":\"Home\"}]}]}<\/script>\n<!-- \/ Yoast SEO plugin. -->","yoast_head_json":{"title":"Angela Labus - Praxis f\u00fcr Lebenskunst","description":"Diplom-Psychologin, Onlineberatung und Therapie per Video, Klopftechnik MET, TRE, Paarberatung, Elternberatung, Trauma, spirituelle Begleitung, Psychotherapie","robots":{"index":"index","follow":"follow","max-snippet":"max-snippet:-1","max-image-preview":"max-image-preview:large","max-video-preview":"max-video-preview:-1"},"canonical":"https:\/\/angela-labus.de\/","og_locale":"de_DE","og_type":"article","og_title":"Angela Labus - Praxis f\u00fcr Lebenskunst","og_description":"Diplom-Psychologin, Onlineberatung und Therapie per Video, Klopftechnik MET, TRE, Paarberatung, Elternberatung, Trauma, spirituelle Begleitung, Psychotherapie","og_url":"https:\/\/angela-labus.de\/","og_site_name":"Angela Labus","article_modified_time":"2024-08-08T18:00:19+00:00","og_image":[{"url":"https:\/\/angela-labus.de\/wp-content\/uploads\/2021\/05\/LeutturmLang-scaled.jpg"}],"twitter_card":"summary_large_image","twitter_misc":{"Gesch\u00e4tzte Lesezeit":"4\u00a0Minuten"},"schema":{"@context":"https:\/\/schema.org","@graph":[{"@type":["Person","Organization"],"@id":"https:\/\/angela-labus.de\/#\/schema\/person\/91e65647448f60508914a21cd7da6cb0","name":"admin","image":{"@type":"ImageObject","@id":"https:\/\/angela-labus.de\/#personlogo","inLanguage":"de","url":"https:\/\/angela-labus.de\/wp-content\/uploads\/2021\/05\/portrait.jpg","contentUrl":"https:\/\/angela-labus.de\/wp-content\/uploads\/2021\/05\/portrait.jpg","width":1560,"height":2040,"caption":"admin"},"logo":{"@id":"https:\/\/angela-labus.de\/#personlogo"},"sameAs":["https:\/\/angela-labus.de"]},{"@type":"WebSite","@id":"https:\/\/angela-labus.de\/#website","url":"https:\/\/angela-labus.de\/","name":"Angela Labus","description":"Diplom-Psychologin Heilpraktikerin(Psychotherapie) Onlinepsychologin(per Video)","publisher":{"@id":"https:\/\/angela-labus.de\/#\/schema\/person\/91e65647448f60508914a21cd7da6cb0"},"potentialAction":[{"@type":"SearchAction","target":{"@type":"EntryPoint","urlTemplate":"https:\/\/angela-labus.de\/?s={search_term_string}"},"query-input":"required name=search_term_string"}],"inLanguage":"de"},{"@type":"ImageObject","@id":"https:\/\/angela-labus.de\/#primaryimage","inLanguage":"de","url":"https:\/\/angela-labus.de\/wp-content\/uploads\/2021\/05\/LeutturmLang-scaled.jpg","contentUrl":"https:\/\/angela-labus.de\/wp-content\/uploads\/2021\/05\/LeutturmLang-scaled.jpg","width":2560,"height":1311},{"@type":"WebPage","@id":"https:\/\/angela-labus.de\/#webpage","url":"https:\/\/angela-labus.de\/","name":"Angela Labus - Praxis f\u00fcr Lebenskunst","isPartOf":{"@id":"https:\/\/angela-labus.de\/#website"},"primaryImageOfPage":{"@id":"https:\/\/angela-labus.de\/#primaryimage"},"datePublished":"2021-03-13T14:25:17+00:00","dateModified":"2024-08-08T18:00:19+00:00","description":"Diplom-Psychologin, Onlineberatung und Therapie per Video, Klopftechnik MET, TRE, Paarberatung, Elternberatung, Trauma, spirituelle Begleitung, Psychotherapie","breadcrumb":{"@id":"https:\/\/angela-labus.de\/#breadcrumb"},"inLanguage":"de","potentialAction":[{"@type":"ReadAction","target":["https:\/\/angela-labus.de\/"]}]},{"@type":"BreadcrumbList","@id":"https:\/\/angela-labus.de\/#breadcrumb","itemListElement":[{"@type":"ListItem","position":1,"name":"Startseite","item":"https:\/\/angela-labus.de\/"},{"@type":"ListItem","position":2,"name":"Home"}]}]}},"_links":{"self":[{"href":"https:\/\/angela-labus.de\/index.php\/wp-json\/wp\/v2\/pages\/78","targetHints":{"allow":["GET"]}}],"collection":[{"href":"https:\/\/angela-labus.de\/index.php\/wp-json\/wp\/v2\/pages"}],"about":[{"href":"https:\/\/angela-labus.de\/index.php\/wp-json\/wp\/v2\/types\/page"}],"author":[{"embeddable":true,"href":"https:\/\/angela-labus.de\/index.php\/wp-json\/wp\/v2\/users\/1"}],"replies":[{"embeddable":true,"href":"https:\/\/angela-labus.de\/index.php\/wp-json\/wp\/v2\/comments?post=78"}],"version-history":[{"count":301,"href":"https:\/\/angela-labus.de\/index.php\/wp-json\/wp\/v2\/pages\/78\/revisions"}],"predecessor-version":[{"id":3311,"href":"https:\/\/angela-labus.de\/index.php\/wp-json\/wp\/v2\/pages\/78\/revisions\/3311"}],"wp:attachment":[{"href":"https:\/\/angela-labus.de\/index.php\/wp-json\/wp\/v2\/media?parent=78"}],"curies":[{"name":"wp","href":"https:\/\/api.w.org\/{rel}","templated":true}]}}