{"id":512,"date":"2021-05-02T13:20:40","date_gmt":"2021-05-02T13:20:40","guid":{"rendered":"https:\/\/angela-labus.de\/?page_id=512"},"modified":"2021-05-23T18:53:06","modified_gmt":"2021-05-23T18:53:06","slug":"traumaverarbeitung","status":"publish","type":"page","link":"https:\/\/angela-labus.de\/index.php\/traumaverarbeitung\/","title":{"rendered":"Traumaverarbeitung"},"content":{"rendered":"\n<p>Eine Erfahrung, die unser System und damit unsere Verarbeitungsf\u00e4higkeit total \u00fcberfordert, kann nachhaltige Spuren in uns hinterlassen. Diese traumatische Verletzung kann jedoch auch verarbeitet werden: durch Integration der belastenden Gef\u00fchle und Abbau der chronifizierten Spannung und \u00dcbererregung des K\u00f6rpers durch psychotherapeutische K\u00f6rperarbeit.<br><br>Die Symptome einer posttraumatischen Belastungsst\u00f6rung (PTBS) (Flashbacks, Angst, Panik, Aggression, \u00dcbererregung, Schreckhaftigkeit, Schlaflosigkeit, negative Gedanken und Gef\u00fchle) lassen sich mit Methoden der energetischen Psychotherapie behandeln. Die chronische traumatische Restspannung, die im K\u00f6rper festgehalten wird und immer wieder starke emotionale Reaktionen hervorrufen kann, kann schrittweise durch die Methode TRE\u00ae (aus dem Bereich der Bioenergetik) abgebaut werden.<br><br>Was braucht ein Mensch, der an den Folgen einer Traumatisierung leidet?:<br><br>Ausschalten des Daueralarms, der angespannten \u00dcbererregung<br>Aktivierung der in jedem Menschen wohnenden Selbstheilungskr\u00e4fte (Resilienz)<br>Einen sicheren Ort<br>Die M\u00f6glichkeit, Kontakt zu seinen Gef\u00fchlen herzustellen, sich von \u00fcberw\u00e4ltigenden negativen Gef\u00fchlen zu distanzieren und diese endg\u00fcltig zu verarbeiten<br>Entspannung<br>Achtsamkeit<br>Selbstf\u00fcrsorge, Selbstschutz<br>St\u00e4rkung von Ressourcen<br>Selbstwirksamkeit gegen Ohnmachtsgef\u00fchle: Wie komme ich ins Gleichgewicht und wie erwerbe ich positive Lebensqualit\u00e4t?<br>Zeugen seiner Not, menschliche Unterst\u00fctzung<br><br>Der Aufbau dieser Stabilisierung ist oftmals wegen der starken Symptome erheblich behindert. Hier k\u00f6nnen die k\u00f6rperorientierten Verfahren MET\u00ae in Kombination mit TRE\u00ae eine Hilfestellung sein.<br><br>Leid geh\u00f6rt zur Erfahrung Mensch zu sein. Dem Menschen wohnt die F\u00e4higkeit inne, tiefstes Leid zu verschmerzen. Es ist wichtig, zum Ausbau dieser F\u00e4higkeit gute Bedingungen zu schaffen.<br><br>Daran arbeite ich gerne mit Ihnen.<\/p>\n","protected":false},"excerpt":{"rendered":"<p>Eine Erfahrung, die unser System und damit unsere Verarbeitungsf\u00e4higkeit total \u00fcberfordert, kann nachhaltige Spuren in uns hinterlassen. Diese traumatische Verletzung kann jedoch auch verarbeitet werden: durch Integration der belastenden Gef\u00fchle und Abbau der chronifizierten Spannung und \u00dcbererregung des K\u00f6rpers durch psychotherapeutische K\u00f6rperarbeit. Die Symptome einer posttraumatischen Belastungsst\u00f6rung (PTBS) (Flashbacks, Angst, Panik, Aggression, \u00dcbererregung, Schreckhaftigkeit, Schlaflosigkeit, &hellip; <\/p>\n","protected":false},"author":1,"featured_media":0,"parent":0,"menu_order":0,"comment_status":"closed","ping_status":"closed","template":"","meta":{"footnotes":""},"class_list":["post-512","page","type-page","status-publish","hentry"],"yoast_head":"<!-- This site is optimized with the Yoast SEO plugin v16.9 - https:\/\/yoast.com\/wordpress\/plugins\/seo\/ -->\n<title>Traumaverarbeitung - Angela Labus<\/title>\n<meta name=\"description\" content=\"Onlinepsychologin, Therapie Online, per Video, Paartherapie, Klopftechniken, MET, TRE\" \/>\n<meta name=\"robots\" content=\"index, follow, max-snippet:-1, max-image-preview:large, max-video-preview:-1\" \/>\n<link rel=\"canonical\" href=\"https:\/\/angela-labus.de\/index.php\/traumaverarbeitung\/\" \/>\n<meta property=\"og:locale\" content=\"de_DE\" \/>\n<meta property=\"og:type\" content=\"article\" \/>\n<meta property=\"og:title\" content=\"Traumaverarbeitung - Angela Labus\" \/>\n<meta property=\"og:description\" content=\"Onlinepsychologin, Therapie Online, per Video, Paartherapie, Klopftechniken, MET, TRE\" \/>\n<meta property=\"og:url\" content=\"https:\/\/angela-labus.de\/index.php\/traumaverarbeitung\/\" \/>\n<meta property=\"og:site_name\" content=\"Angela Labus\" \/>\n<meta property=\"article:modified_time\" content=\"2021-05-23T18:53:06+00:00\" \/>\n<meta name=\"twitter:card\" content=\"summary_large_image\" \/>\n<meta name=\"twitter:label1\" content=\"Gesch\u00e4tzte Lesezeit\" \/>\n\t<meta name=\"twitter:data1\" content=\"2\u00a0Minuten\" \/>\n<script type=\"application\/ld+json\" class=\"yoast-schema-graph\">{\"@context\":\"https:\/\/schema.org\",\"@graph\":[{\"@type\":[\"Person\",\"Organization\"],\"@id\":\"https:\/\/angela-labus.de\/#\/schema\/person\/91e65647448f60508914a21cd7da6cb0\",\"name\":\"admin\",\"image\":{\"@type\":\"ImageObject\",\"@id\":\"https:\/\/angela-labus.de\/#personlogo\",\"inLanguage\":\"de\",\"url\":\"https:\/\/angela-labus.de\/wp-content\/uploads\/2021\/05\/portrait.jpg\",\"contentUrl\":\"https:\/\/angela-labus.de\/wp-content\/uploads\/2021\/05\/portrait.jpg\",\"width\":1560,\"height\":2040,\"caption\":\"admin\"},\"logo\":{\"@id\":\"https:\/\/angela-labus.de\/#personlogo\"},\"sameAs\":[\"https:\/\/angela-labus.de\"]},{\"@type\":\"WebSite\",\"@id\":\"https:\/\/angela-labus.de\/#website\",\"url\":\"https:\/\/angela-labus.de\/\",\"name\":\"Angela Labus\",\"description\":\"Diplom-Psychologin Heilpraktikerin(Psychotherapie) Onlinepsychologin(per Video)\",\"publisher\":{\"@id\":\"https:\/\/angela-labus.de\/#\/schema\/person\/91e65647448f60508914a21cd7da6cb0\"},\"potentialAction\":[{\"@type\":\"SearchAction\",\"target\":{\"@type\":\"EntryPoint\",\"urlTemplate\":\"https:\/\/angela-labus.de\/?s={search_term_string}\"},\"query-input\":\"required name=search_term_string\"}],\"inLanguage\":\"de\"},{\"@type\":\"WebPage\",\"@id\":\"https:\/\/angela-labus.de\/index.php\/traumaverarbeitung\/#webpage\",\"url\":\"https:\/\/angela-labus.de\/index.php\/traumaverarbeitung\/\",\"name\":\"Traumaverarbeitung - Angela Labus\",\"isPartOf\":{\"@id\":\"https:\/\/angela-labus.de\/#website\"},\"datePublished\":\"2021-05-02T13:20:40+00:00\",\"dateModified\":\"2021-05-23T18:53:06+00:00\",\"description\":\"Onlinepsychologin, Therapie Online, per Video, Paartherapie, Klopftechniken, MET, TRE\",\"breadcrumb\":{\"@id\":\"https:\/\/angela-labus.de\/index.php\/traumaverarbeitung\/#breadcrumb\"},\"inLanguage\":\"de\",\"potentialAction\":[{\"@type\":\"ReadAction\",\"target\":[\"https:\/\/angela-labus.de\/index.php\/traumaverarbeitung\/\"]}]},{\"@type\":\"BreadcrumbList\",\"@id\":\"https:\/\/angela-labus.de\/index.php\/traumaverarbeitung\/#breadcrumb\",\"itemListElement\":[{\"@type\":\"ListItem\",\"position\":1,\"name\":\"Startseite\",\"item\":\"https:\/\/angela-labus.de\/\"},{\"@type\":\"ListItem\",\"position\":2,\"name\":\"Traumaverarbeitung\"}]}]}<\/script>\n<!-- \/ Yoast SEO plugin. -->","yoast_head_json":{"title":"Traumaverarbeitung - Angela Labus","description":"Onlinepsychologin, Therapie Online, per Video, Paartherapie, Klopftechniken, MET, TRE","robots":{"index":"index","follow":"follow","max-snippet":"max-snippet:-1","max-image-preview":"max-image-preview:large","max-video-preview":"max-video-preview:-1"},"canonical":"https:\/\/angela-labus.de\/index.php\/traumaverarbeitung\/","og_locale":"de_DE","og_type":"article","og_title":"Traumaverarbeitung - Angela Labus","og_description":"Onlinepsychologin, Therapie Online, per Video, Paartherapie, Klopftechniken, MET, TRE","og_url":"https:\/\/angela-labus.de\/index.php\/traumaverarbeitung\/","og_site_name":"Angela Labus","article_modified_time":"2021-05-23T18:53:06+00:00","twitter_card":"summary_large_image","twitter_misc":{"Gesch\u00e4tzte Lesezeit":"2\u00a0Minuten"},"schema":{"@context":"https:\/\/schema.org","@graph":[{"@type":["Person","Organization"],"@id":"https:\/\/angela-labus.de\/#\/schema\/person\/91e65647448f60508914a21cd7da6cb0","name":"admin","image":{"@type":"ImageObject","@id":"https:\/\/angela-labus.de\/#personlogo","inLanguage":"de","url":"https:\/\/angela-labus.de\/wp-content\/uploads\/2021\/05\/portrait.jpg","contentUrl":"https:\/\/angela-labus.de\/wp-content\/uploads\/2021\/05\/portrait.jpg","width":1560,"height":2040,"caption":"admin"},"logo":{"@id":"https:\/\/angela-labus.de\/#personlogo"},"sameAs":["https:\/\/angela-labus.de"]},{"@type":"WebSite","@id":"https:\/\/angela-labus.de\/#website","url":"https:\/\/angela-labus.de\/","name":"Angela Labus","description":"Diplom-Psychologin Heilpraktikerin(Psychotherapie) Onlinepsychologin(per Video)","publisher":{"@id":"https:\/\/angela-labus.de\/#\/schema\/person\/91e65647448f60508914a21cd7da6cb0"},"potentialAction":[{"@type":"SearchAction","target":{"@type":"EntryPoint","urlTemplate":"https:\/\/angela-labus.de\/?s={search_term_string}"},"query-input":"required name=search_term_string"}],"inLanguage":"de"},{"@type":"WebPage","@id":"https:\/\/angela-labus.de\/index.php\/traumaverarbeitung\/#webpage","url":"https:\/\/angela-labus.de\/index.php\/traumaverarbeitung\/","name":"Traumaverarbeitung - Angela Labus","isPartOf":{"@id":"https:\/\/angela-labus.de\/#website"},"datePublished":"2021-05-02T13:20:40+00:00","dateModified":"2021-05-23T18:53:06+00:00","description":"Onlinepsychologin, Therapie Online, per Video, Paartherapie, Klopftechniken, MET, TRE","breadcrumb":{"@id":"https:\/\/angela-labus.de\/index.php\/traumaverarbeitung\/#breadcrumb"},"inLanguage":"de","potentialAction":[{"@type":"ReadAction","target":["https:\/\/angela-labus.de\/index.php\/traumaverarbeitung\/"]}]},{"@type":"BreadcrumbList","@id":"https:\/\/angela-labus.de\/index.php\/traumaverarbeitung\/#breadcrumb","itemListElement":[{"@type":"ListItem","position":1,"name":"Startseite","item":"https:\/\/angela-labus.de\/"},{"@type":"ListItem","position":2,"name":"Traumaverarbeitung"}]}]}},"_links":{"self":[{"href":"https:\/\/angela-labus.de\/index.php\/wp-json\/wp\/v2\/pages\/512","targetHints":{"allow":["GET"]}}],"collection":[{"href":"https:\/\/angela-labus.de\/index.php\/wp-json\/wp\/v2\/pages"}],"about":[{"href":"https:\/\/angela-labus.de\/index.php\/wp-json\/wp\/v2\/types\/page"}],"author":[{"embeddable":true,"href":"https:\/\/angela-labus.de\/index.php\/wp-json\/wp\/v2\/users\/1"}],"replies":[{"embeddable":true,"href":"https:\/\/angela-labus.de\/index.php\/wp-json\/wp\/v2\/comments?post=512"}],"version-history":[{"count":1,"href":"https:\/\/angela-labus.de\/index.php\/wp-json\/wp\/v2\/pages\/512\/revisions"}],"predecessor-version":[{"id":513,"href":"https:\/\/angela-labus.de\/index.php\/wp-json\/wp\/v2\/pages\/512\/revisions\/513"}],"wp:attachment":[{"href":"https:\/\/angela-labus.de\/index.php\/wp-json\/wp\/v2\/media?parent=512"}],"curies":[{"name":"wp","href":"https:\/\/api.w.org\/{rel}","templated":true}]}}