{"id":184,"date":"2021-03-15T09:05:11","date_gmt":"2021-03-15T08:05:11","guid":{"rendered":"https:\/\/angelabarbara11.wordpress.com\/?page_id=184"},"modified":"2021-09-28T18:55:47","modified_gmt":"2021-09-28T18:55:47","slug":"lebenskunst","status":"publish","type":"page","link":"https:\/\/angela-labus.de\/index.php\/lebenskunst\/","title":{"rendered":"Lebenskunst"},"content":{"rendered":"\n<div style=\"height:13px\" aria-hidden=\"true\" class=\"wp-block-spacer\"><\/div>\n\n\n\n<figure class=\"wp-block-image size-large is-resized BildPC\"><img loading=\"lazy\" decoding=\"async\" src=\"https:\/\/angela-labus.de\/wp-content\/uploads\/2021\/07\/Vogelschwarm-scaled-e1626125639609-700x287.jpg\" alt=\"\" class=\"wp-image-2846\" width=\"1285\" height=\"527\" srcset=\"https:\/\/angela-labus.de\/wp-content\/uploads\/2021\/07\/Vogelschwarm-scaled-e1626125639609-700x287.jpg 700w, https:\/\/angela-labus.de\/wp-content\/uploads\/2021\/07\/Vogelschwarm-scaled-e1626125639609-300x123.jpg 300w, https:\/\/angela-labus.de\/wp-content\/uploads\/2021\/07\/Vogelschwarm-scaled-e1626125639609-768x315.jpg 768w, https:\/\/angela-labus.de\/wp-content\/uploads\/2021\/07\/Vogelschwarm-scaled-e1626125639609-1536x629.jpg 1536w, https:\/\/angela-labus.de\/wp-content\/uploads\/2021\/07\/Vogelschwarm-scaled-e1626125639609-2048x839.jpg 2048w, https:\/\/angela-labus.de\/wp-content\/uploads\/2021\/07\/Vogelschwarm-scaled-e1626125639609-1320x540.jpg 1320w, https:\/\/angela-labus.de\/wp-content\/uploads\/2021\/07\/Vogelschwarm-scaled-e1626125639609-146x60.jpg 146w\" sizes=\"auto, (max-width: 1285px) 100vw, 1285px\" \/><\/figure>\n\n\n\n<figure class=\"wp-block-image size-large BildHandy\"><img loading=\"lazy\" decoding=\"async\" width=\"700\" height=\"336\" src=\"https:\/\/angela-labus.de\/wp-content\/uploads\/2021\/05\/voegellang-e1626119200891-700x336.jpg\" alt=\"Vogelschwarm\" class=\"wp-image-2002\"\/><\/figure>\n\n\n\n<h2 class=\"has-text-align-center wp-block-heading\" style=\"font-size:28px\">Wie komme ich dahin, dass ich mit meinem Leben gl\u00fccklich sein kann?<br>Die Zauberworte hei\u00dfen: Verantwortung, Selbsterkenntnis und Entspannung.<\/h2>\n\n\n\n<h2 class=\"wp-block-heading\">Verantwortung:<\/h2>\n\n\n\n<p>Im Leben ist es ein Quantensprung, wenn ich begreife, dass ich als Erwachsener nicht auf passende Umst\u00e4nde und die Erlaubnis und Hilfe anderer Menschen angewiesen bin, wenn ich mich wohl f\u00fchlen will. Wenn ich begreife, dass nicht die Umst\u00e4nde und die anderen verantwortlich f\u00fcr meine Misere sind. Wenn ich begreife, dass ich ausschlie\u00dflich mich selbst \u00e4ndern kann, n\u00e4mlich meine innere Haltung, und nie die anderen Menschen und oft genug auch nicht die Umst\u00e4nde. Wenn mir klar wird, dass ich sogar eine Pflicht mir gegen\u00fcber habe, jederzeit f\u00fcr mein Wohlbefinden zu sorgen und damit die Freude in mein Leben einzuladen, auch zum Wohle aller, die um mich sind.<\/p>\n\n\n\n<p>Viele Menschen erreichen diese Erkenntnis niemals. Es ist der Wandel vom Opferbewusstsein zur bestenfalls vollst\u00e4ndigen Eigenverantwortung. Dieser Wandel bedeutet die Voraussetzung f\u00fcr Freiheit und Gl\u00fcck. Es ist so als w\u00fcrden wir mit diesem Wandel eine v\u00f6llig neue Sicht durch eine neue Brille erhalten. Und unsere Wahrnehmung bestimmt unser Leben.<\/p>\n\n\n\n<p>Wir Menschen sind oft viel besser darin, uns um die Angelegenheiten der anderen zu k\u00fcmmern oder sogar um die von Gott\/ vom Leben\/ vom Schicksal (oder wie auch immer wir diese Ebene nennen wollen, die offensichtlich gr\u00f6\u00dfer ist als mein kleines Ich) als um unsere eigenen.<\/p>\n\n\n\n<p>Es f\u00e4llt uns schwer, auf Anklagen, Beschwerden und Einmischungen zu verzichten und uns stattdessen wirksam auf unsere Angelegenheiten zu konzentrieren. Diese Haltung wird von uns meistens konsequent vermieden, sie scheint unbequem. Au\u00dferdem wissen wir gar nicht, wie wir das machen sollen. Wir \u00fcbersehen die Erm\u00e4chtigung und Selbstwirksamkeit, die wir durch diese Verantwortungs\u00fcbernahme f\u00fcr uns selbst gewinnen k\u00f6nnen.<\/p>\n\n\n\n<p>Wenn wir Verantwortung \u00fcber unsere eigenen Belange abgeben, dann geben wir die Macht \u00fcber uns ab. Meistens ist das keine gute Idee.<\/p>\n\n\n\n<p>Die wunderbare Nachricht ist: wir gewinnen allein durch die Entscheidung zur Verantwortungs\u00fcbernahme f\u00fcr unsere Angelegenheiten unsere Macht zur\u00fcck. Zack! Innerhalb eines Momentes dieser bewussten Entscheidung ist sie wieder da: in unserer Hand! Und mit dieser Macht k\u00f6nnen wir etwas tun:<\/p>\n\n\n\n<p>Diese Macht brauche ich, um Lebensk\u00fcnstler im positivsten Sinne zu sein.<br>Dieser Blickwinkel der Eigenverantwortung erm\u00f6glicht mir,<\/p>\n\n\n\n<ul class=\"bullets listeklein wp-block-list\"><li>mir Raum f\u00fcr meine Eigenart zu nehmen<\/li><li>angemessene Grenzen zu meinem Schutz zu setzen<\/li><li>mich mit dem zu versorgen, was ich brauche<\/li><li>das zu unterlassen, was mir schadet<\/li><li>etwas zu ver\u00e4ndern, wenn ich feststecke<\/li><li>mir die Freiheit zu nehmen, zu tun, was ich wirklich will.<\/li><\/ul>\n\n\n\n<div style=\"height:31px\" aria-hidden=\"true\" class=\"wp-block-spacer\"><\/div>\n\n\n\n<p>Dann kann das Leben spielerischer werden. Ich gewinne die Freiheit zu gestalten.<\/p>\n\n\n\n<h2 class=\"has-text-align-left wp-block-heading\">Selbsterkenntnis:<\/h2>\n\n\n\n<div class=\"wp-block-media-text alignwide has-media-on-the-right is-stacked-on-mobile is-image-fill\" style=\"grid-template-columns:auto 34%\"><figure class=\"wp-block-media-text__media\" style=\"background-image:url(https:\/\/angela-labus.de\/wp-content\/uploads\/2021\/05\/duennervogel.jpg);background-position:50% 50%\"><img loading=\"lazy\" decoding=\"async\" width=\"332\" height=\"738\" src=\"https:\/\/angela-labus.de\/wp-content\/uploads\/2021\/05\/duennervogel.jpg\" alt=\"\" class=\"wp-image-1496 size-full\" srcset=\"https:\/\/angela-labus.de\/wp-content\/uploads\/2021\/05\/duennervogel.jpg 332w, https:\/\/angela-labus.de\/wp-content\/uploads\/2021\/05\/duennervogel-135x300.jpg 135w, https:\/\/angela-labus.de\/wp-content\/uploads\/2021\/05\/duennervogel-27x60.jpg 27w\" sizes=\"auto, (max-width: 332px) 100vw, 332px\" \/><\/figure><div class=\"wp-block-media-text__content\">\n<p><br>Ehrlichkeit, vor allem sich selbst gegen\u00fcber, ist ein weiterer wichtiger Meilenstein auf dem Weg. Aufrichtig nach innen zu schauen macht Selbsterkenntnis m\u00f6glich. Ich bin darauf angewiesen, meine alten Muster zu enttarnen, um mich zu ver\u00e4ndern und neue Wege zu gehen. Nur wenn ich meinen Glaubenss\u00e4tzen auf die Spur komme, kann ich sie auf ihren Wahrheitsgehalt \u00fcberpr\u00fcfen und falls n\u00f6tig \u00fcber Bord werfen und durch neue konstruktivere Gedanken ersetzen. Ich bin darauf angewiesen, die Informationen in Frage zu stellen, mit denen ich in der Vergangenheit gef\u00fcttert wurde und die ich glaubte. Ich brauche den Anschluss an mein inneres Wissen, meine Weisheit, meine Intuition, um endlich meinem Kompass zu folgen und meinen eigenen Weg zu gehen.<br><br>Diese wahrhaftige Selbstbetrachtung kann sehr weh tun. Ich brauche eine gute Portion Unerschrockenheit dazu und die Motivation, es wirklich wissen zu wollen, mich und die Wahrheit \u00fcber das, was ich bisher glaubte, sehen zu wollen. Wenn das alte Selbst- und Weltbild ins Wanken geraten, l\u00f6st das Verunsicherung aus.<br><\/p>\n<\/div><\/div>\n\n\n\n<p><\/p>\n\n\n\n<p><\/p>\n\n\n\n<p>Glauben Sie nicht, dass es allein schwierig w\u00e4re, sich die eigenen dunklen Schattenseiten einzugestehen. Oft sind es die lichten Seiten, das Strahlen, die Liebe und die Gr\u00f6\u00dfe in uns, die wir nicht wahrhaben und anerkennen wollen. Unser verborgenes gutes Potential ist es, das uns die meiste Angst macht.<\/p>\n\n\n\n<p>Lebenskunst ist, die Angst vor der Wahrheit \u00fcber mich zu verlieren, und so viel Selbstakzeptanz und G\u00fcte zu entwickeln, dass ich mir meine Fehler eingestehen und verzeihen und meine lichte Gr\u00f6\u00dfe anerkennen kann.<\/p>\n\n\n\n<h2 class=\"wp-block-heading\">Entspannung:<\/h2>\n\n\n\n<p>Tats\u00e4chlich ist Entspannung f\u00fcr jeden Ver\u00e4nderungsprozess und vor allem f\u00fcr das Genie\u00dfen, die Leichtigkeit und das Gelingen von Beziehungen zentral.<\/p>\n\n\n\n<p>Hierbei spielt das Nervensystem die entscheidende Rolle. Signalisiert das Nervensystem starke Anspannung, sind wir nicht in der Lage empathisch zu sein. Die Spiegelneuronen des Gehirns, die f\u00fcr unser Einf\u00fchlungsverm\u00f6gen zust\u00e4ndig sind, funktionieren nur im entspannten Zustand einwandfrei. Nur dann sind wir beziehungsf\u00e4hig und sozial kompetent. Nur im entspannten Zustand kommen wir in die Weisheit, Intelligenz und Offenheit des Herzens und raus aus dem Verstand, der vorwiegend damit besch\u00e4ftigt ist, Angst abzuwehren und uns die alten \u00fcberholten \u00dcberlebens-Muster aufzuzwingen.<\/p>\n\n\n\n<p>Die Psyche als feinstoffliches Organ des K\u00f6rpers wird vom Nervensystem regiert. K\u00f6rper und Psyche sind untrennbar verbunden. K\u00f6rperliche Entspannung bedeutet psychische Entspannung. K\u00f6rperliches Wohlgef\u00fchl bedeutet psychisches Wohlgef\u00fchl.<\/p>\n\n\n\n<p>Deshalb ist das regelm\u00e4\u00dfige Praktizieren von TRE\u00ae, Atem\u00fcbungen und anderer entspannender und zentrierender K\u00f6rperarbeit essentiell f\u00fcr die Selbstentwicklung.<\/p>\n\n\n\n<p>Der Lebensk\u00fcnstler wei\u00df, wie er wieder ins Flie\u00dfen und in die Entspannung kommt, wenn er verkrampft im Stau steckt, denn er hat Macht \u00fcber sich. Er kann sein Nervensystem immer wieder zur\u00fcck in den Entspannungsmodus bringen, den Kopf mit dem Herzen verbinden und der Intelligenz seines Herzens folgen.<\/p>\n\n\n\n<h2 class=\"wp-block-heading\">Suchen Sie Schl\u00fcssel f\u00fcr eine befreiende Ver\u00e4nderung?<\/h2>\n\n\n\n<div class=\"wp-block-media-text alignwide is-stacked-on-mobile is-vertically-aligned-top\" style=\"grid-template-columns:42% auto\"><figure class=\"wp-block-media-text__media\"><img loading=\"lazy\" decoding=\"async\" width=\"440\" height=\"410\" src=\"https:\/\/angela-labus.de\/wp-content\/uploads\/2021\/05\/delphin2-e1626117730135.jpg\" alt=\"\" class=\"wp-image-1506 size-full\" srcset=\"https:\/\/angela-labus.de\/wp-content\/uploads\/2021\/05\/delphin2-e1626117730135.jpg 440w, https:\/\/angela-labus.de\/wp-content\/uploads\/2021\/05\/delphin2-e1626117730135-300x280.jpg 300w, https:\/\/angela-labus.de\/wp-content\/uploads\/2021\/05\/delphin2-e1626117730135-64x60.jpg 64w\" sizes=\"auto, (max-width: 440px) 100vw, 440px\" \/><\/figure><div class=\"wp-block-media-text__content\">\n<p>Ich kann Ihnen zeigen, wie Sie wieder in Ihren Lebensfluss, wie Sie in Ihr Herz und zu sich kommen. Ich helfe Ihnen gern, die Sprache Ihres Lebens, das \u00fcbrigens der beste Therapeut ist, zu verstehen. Denn es l\u00e4sst uns mit Engelsgeduld Tag f\u00fcr Tag unendlich viele Botschaften zukommen, die unser Leben erleichtern und uns helfen k\u00f6nnten, uns dahin zu entwickeln, zufrieden, sicher, geliebt und gut versorgt zu sein, wenn wir nicht st\u00e4ndig aktiv dagegen arbeiten w\u00fcrden und achtsam w\u00e4ren.<br>Unsere belastenden Gef\u00fchle, widrigen Umst\u00e4nde und die nervigen Anderen sind eigentlich Botschafter unseres Lebens, die unseren Respekt und unsere Wertsch\u00e4tzung verdienen. Sie spiegeln lediglich wider, was wir in uns tragen. Das besagen die sogenannten \u201eSpiegelgesetze\u201c. Die Umst\u00e4nde und die anderen Menschen geh\u00f6ren in der Tat zu uns, viel mehr als uns lieb ist. <\/p>\n\n\n\n<p><\/p>\n<\/div><\/div>\n\n\n\n<p>Wenn wir unsere Gef\u00fchle als Botschafter ernst nehmen und sie \u201egewusst wie\u201c einladen, zeigen sie uns das, was wir brauchen und auch unsere bewussten und unterbewussten Glaubenss\u00e4tze auf. Durch die Gef\u00fchle hindurch kommen wir wieder in den Fluss und in die M\u00fchelosigkeit. Die Glaubenss\u00e4tze sind unsere Weltanschauung: wie wir meinen, dass die Welt ist, so pr\u00e4sentiert sie sich auch f\u00fcr uns. Wenn wir negative Glaubenss\u00e4tze l\u00f6sen, ver\u00e4ndert sich unsere Wahrnehmung und damit unser Leben. <br>So sehe ich das. Das ist meine Erfahrung.<\/p>\n\n\n\n<p>Diese Sicht bringt Freiheit und Lebendigkeit, Bewegung ins Spiel. Sie geh\u00f6rt zu dem anderen Weg, den ich vorschlage.<\/p>\n\n\n\n<p>Der entspannte Blick durch diese Brille der Selbstverantwortung und Aufrichtigkeit verk\u00fcrzt unseren Leidensweg enorm und macht Ver\u00e4nderung m\u00f6glich.<\/p>\n\n\n\n<p>Wenn Sie Ihr Leben durch diese neue Brille betrachten und dabei Unterst\u00fctzung wollen, k\u00f6nnen Sie gerne einen Termin mit mir vereinbaren.<\/p>\n\n\n\n<div class=\"wp-block-columns are-vertically-aligned-center is-layout-flex wp-container-core-columns-is-layout-9d6595d7 wp-block-columns-is-layout-flex\">\n<div class=\"wp-block-column is-vertically-aligned-center is-layout-flow wp-block-column-is-layout-flow\" style=\"flex-basis:100%\">\n<div class=\"wp-block-buttons is-content-justification-center is-layout-flex wp-block-buttons-is-layout-flex\">\n<div class=\"wp-block-button is-style-fill\"><a class=\"wp-block-button__link\" href=\"\/index.php\/Kontakt\" style=\"border-radius:12px\">Kontakt<\/a><\/div>\n<\/div>\n<\/div>\n<\/div>\n\n\n\n<p><\/p>\n","protected":false},"excerpt":{"rendered":"<p>Wie komme ich dahin, dass ich mit meinem Leben gl\u00fccklich sein kann?Die Zauberworte hei\u00dfen: Verantwortung, Selbsterkenntnis und Entspannung. Verantwortung: Im Leben ist es ein Quantensprung, wenn ich begreife, dass ich als Erwachsener nicht auf passende Umst\u00e4nde und die Erlaubnis und Hilfe anderer Menschen angewiesen bin, wenn ich mich wohl f\u00fchlen will. Wenn ich begreife, dass &hellip; <\/p>\n","protected":false},"author":1,"featured_media":0,"parent":0,"menu_order":0,"comment_status":"closed","ping_status":"closed","template":"","meta":{"footnotes":""},"class_list":["post-184","page","type-page","status-publish","hentry"],"yoast_head":"<!-- This site is optimized with the Yoast SEO plugin v16.9 - https:\/\/yoast.com\/wordpress\/plugins\/seo\/ -->\n<title>Lebenskunst - Angela Labus<\/title>\n<meta name=\"description\" content=\"Entspannung, Nervensystem, Spiegelgesetze, Gef\u00fchle, Glaubenss\u00e4tze, Selbsterkenntnis, Lebenskunst\" \/>\n<meta name=\"robots\" content=\"index, follow, max-snippet:-1, max-image-preview:large, max-video-preview:-1\" \/>\n<link rel=\"canonical\" href=\"https:\/\/angela-labus.de\/index.php\/lebenskunst\/\" \/>\n<meta property=\"og:locale\" content=\"de_DE\" \/>\n<meta property=\"og:type\" content=\"article\" \/>\n<meta property=\"og:title\" content=\"Lebenskunst - Angela Labus\" \/>\n<meta property=\"og:description\" content=\"Entspannung, Nervensystem, Spiegelgesetze, Gef\u00fchle, Glaubenss\u00e4tze, Selbsterkenntnis, Lebenskunst\" \/>\n<meta property=\"og:url\" content=\"https:\/\/angela-labus.de\/index.php\/lebenskunst\/\" \/>\n<meta property=\"og:site_name\" content=\"Angela Labus\" \/>\n<meta property=\"article:modified_time\" content=\"2021-09-28T18:55:47+00:00\" \/>\n<meta property=\"og:image\" content=\"https:\/\/angela-labus.de\/wp-content\/uploads\/2021\/07\/Vogelschwarm-scaled-e1626125639609-700x287.jpg\" \/>\n<meta name=\"twitter:card\" content=\"summary_large_image\" \/>\n<meta name=\"twitter:label1\" content=\"Gesch\u00e4tzte Lesezeit\" \/>\n\t<meta name=\"twitter:data1\" content=\"6\u00a0Minuten\" \/>\n<script type=\"application\/ld+json\" class=\"yoast-schema-graph\">{\"@context\":\"https:\/\/schema.org\",\"@graph\":[{\"@type\":[\"Person\",\"Organization\"],\"@id\":\"https:\/\/angela-labus.de\/#\/schema\/person\/91e65647448f60508914a21cd7da6cb0\",\"name\":\"admin\",\"image\":{\"@type\":\"ImageObject\",\"@id\":\"https:\/\/angela-labus.de\/#personlogo\",\"inLanguage\":\"de\",\"url\":\"https:\/\/angela-labus.de\/wp-content\/uploads\/2021\/05\/portrait.jpg\",\"contentUrl\":\"https:\/\/angela-labus.de\/wp-content\/uploads\/2021\/05\/portrait.jpg\",\"width\":1560,\"height\":2040,\"caption\":\"admin\"},\"logo\":{\"@id\":\"https:\/\/angela-labus.de\/#personlogo\"},\"sameAs\":[\"https:\/\/angela-labus.de\"]},{\"@type\":\"WebSite\",\"@id\":\"https:\/\/angela-labus.de\/#website\",\"url\":\"https:\/\/angela-labus.de\/\",\"name\":\"Angela Labus\",\"description\":\"Diplom-Psychologin Heilpraktikerin(Psychotherapie) Onlinepsychologin(per Video)\",\"publisher\":{\"@id\":\"https:\/\/angela-labus.de\/#\/schema\/person\/91e65647448f60508914a21cd7da6cb0\"},\"potentialAction\":[{\"@type\":\"SearchAction\",\"target\":{\"@type\":\"EntryPoint\",\"urlTemplate\":\"https:\/\/angela-labus.de\/?s={search_term_string}\"},\"query-input\":\"required name=search_term_string\"}],\"inLanguage\":\"de\"},{\"@type\":\"ImageObject\",\"@id\":\"https:\/\/angela-labus.de\/index.php\/lebenskunst\/#primaryimage\",\"inLanguage\":\"de\",\"url\":\"https:\/\/angela-labus.de\/wp-content\/uploads\/2021\/07\/Vogelschwarm-scaled-e1626125639609.jpg\",\"contentUrl\":\"https:\/\/angela-labus.de\/wp-content\/uploads\/2021\/07\/Vogelschwarm-scaled-e1626125639609.jpg\",\"width\":2560,\"height\":1049},{\"@type\":\"WebPage\",\"@id\":\"https:\/\/angela-labus.de\/index.php\/lebenskunst\/#webpage\",\"url\":\"https:\/\/angela-labus.de\/index.php\/lebenskunst\/\",\"name\":\"Lebenskunst - Angela Labus\",\"isPartOf\":{\"@id\":\"https:\/\/angela-labus.de\/#website\"},\"primaryImageOfPage\":{\"@id\":\"https:\/\/angela-labus.de\/index.php\/lebenskunst\/#primaryimage\"},\"datePublished\":\"2021-03-15T08:05:11+00:00\",\"dateModified\":\"2021-09-28T18:55:47+00:00\",\"description\":\"Entspannung, Nervensystem, Spiegelgesetze, Gef\\u00fchle, Glaubenss\\u00e4tze, Selbsterkenntnis, Lebenskunst\",\"breadcrumb\":{\"@id\":\"https:\/\/angela-labus.de\/index.php\/lebenskunst\/#breadcrumb\"},\"inLanguage\":\"de\",\"potentialAction\":[{\"@type\":\"ReadAction\",\"target\":[\"https:\/\/angela-labus.de\/index.php\/lebenskunst\/\"]}]},{\"@type\":\"BreadcrumbList\",\"@id\":\"https:\/\/angela-labus.de\/index.php\/lebenskunst\/#breadcrumb\",\"itemListElement\":[{\"@type\":\"ListItem\",\"position\":1,\"name\":\"Startseite\",\"item\":\"https:\/\/angela-labus.de\/\"},{\"@type\":\"ListItem\",\"position\":2,\"name\":\"Lebenskunst\"}]}]}<\/script>\n<!-- \/ Yoast SEO plugin. -->","yoast_head_json":{"title":"Lebenskunst - Angela Labus","description":"Entspannung, Nervensystem, Spiegelgesetze, Gef\u00fchle, Glaubenss\u00e4tze, Selbsterkenntnis, Lebenskunst","robots":{"index":"index","follow":"follow","max-snippet":"max-snippet:-1","max-image-preview":"max-image-preview:large","max-video-preview":"max-video-preview:-1"},"canonical":"https:\/\/angela-labus.de\/index.php\/lebenskunst\/","og_locale":"de_DE","og_type":"article","og_title":"Lebenskunst - Angela Labus","og_description":"Entspannung, Nervensystem, Spiegelgesetze, Gef\u00fchle, Glaubenss\u00e4tze, Selbsterkenntnis, Lebenskunst","og_url":"https:\/\/angela-labus.de\/index.php\/lebenskunst\/","og_site_name":"Angela Labus","article_modified_time":"2021-09-28T18:55:47+00:00","og_image":[{"url":"https:\/\/angela-labus.de\/wp-content\/uploads\/2021\/07\/Vogelschwarm-scaled-e1626125639609-700x287.jpg"}],"twitter_card":"summary_large_image","twitter_misc":{"Gesch\u00e4tzte Lesezeit":"6\u00a0Minuten"},"schema":{"@context":"https:\/\/schema.org","@graph":[{"@type":["Person","Organization"],"@id":"https:\/\/angela-labus.de\/#\/schema\/person\/91e65647448f60508914a21cd7da6cb0","name":"admin","image":{"@type":"ImageObject","@id":"https:\/\/angela-labus.de\/#personlogo","inLanguage":"de","url":"https:\/\/angela-labus.de\/wp-content\/uploads\/2021\/05\/portrait.jpg","contentUrl":"https:\/\/angela-labus.de\/wp-content\/uploads\/2021\/05\/portrait.jpg","width":1560,"height":2040,"caption":"admin"},"logo":{"@id":"https:\/\/angela-labus.de\/#personlogo"},"sameAs":["https:\/\/angela-labus.de"]},{"@type":"WebSite","@id":"https:\/\/angela-labus.de\/#website","url":"https:\/\/angela-labus.de\/","name":"Angela Labus","description":"Diplom-Psychologin Heilpraktikerin(Psychotherapie) Onlinepsychologin(per Video)","publisher":{"@id":"https:\/\/angela-labus.de\/#\/schema\/person\/91e65647448f60508914a21cd7da6cb0"},"potentialAction":[{"@type":"SearchAction","target":{"@type":"EntryPoint","urlTemplate":"https:\/\/angela-labus.de\/?s={search_term_string}"},"query-input":"required name=search_term_string"}],"inLanguage":"de"},{"@type":"ImageObject","@id":"https:\/\/angela-labus.de\/index.php\/lebenskunst\/#primaryimage","inLanguage":"de","url":"https:\/\/angela-labus.de\/wp-content\/uploads\/2021\/07\/Vogelschwarm-scaled-e1626125639609.jpg","contentUrl":"https:\/\/angela-labus.de\/wp-content\/uploads\/2021\/07\/Vogelschwarm-scaled-e1626125639609.jpg","width":2560,"height":1049},{"@type":"WebPage","@id":"https:\/\/angela-labus.de\/index.php\/lebenskunst\/#webpage","url":"https:\/\/angela-labus.de\/index.php\/lebenskunst\/","name":"Lebenskunst - Angela Labus","isPartOf":{"@id":"https:\/\/angela-labus.de\/#website"},"primaryImageOfPage":{"@id":"https:\/\/angela-labus.de\/index.php\/lebenskunst\/#primaryimage"},"datePublished":"2021-03-15T08:05:11+00:00","dateModified":"2021-09-28T18:55:47+00:00","description":"Entspannung, Nervensystem, Spiegelgesetze, Gef\u00fchle, Glaubenss\u00e4tze, Selbsterkenntnis, Lebenskunst","breadcrumb":{"@id":"https:\/\/angela-labus.de\/index.php\/lebenskunst\/#breadcrumb"},"inLanguage":"de","potentialAction":[{"@type":"ReadAction","target":["https:\/\/angela-labus.de\/index.php\/lebenskunst\/"]}]},{"@type":"BreadcrumbList","@id":"https:\/\/angela-labus.de\/index.php\/lebenskunst\/#breadcrumb","itemListElement":[{"@type":"ListItem","position":1,"name":"Startseite","item":"https:\/\/angela-labus.de\/"},{"@type":"ListItem","position":2,"name":"Lebenskunst"}]}]}},"_links":{"self":[{"href":"https:\/\/angela-labus.de\/index.php\/wp-json\/wp\/v2\/pages\/184","targetHints":{"allow":["GET"]}}],"collection":[{"href":"https:\/\/angela-labus.de\/index.php\/wp-json\/wp\/v2\/pages"}],"about":[{"href":"https:\/\/angela-labus.de\/index.php\/wp-json\/wp\/v2\/types\/page"}],"author":[{"embeddable":true,"href":"https:\/\/angela-labus.de\/index.php\/wp-json\/wp\/v2\/users\/1"}],"replies":[{"embeddable":true,"href":"https:\/\/angela-labus.de\/index.php\/wp-json\/wp\/v2\/comments?post=184"}],"version-history":[{"count":71,"href":"https:\/\/angela-labus.de\/index.php\/wp-json\/wp\/v2\/pages\/184\/revisions"}],"predecessor-version":[{"id":3194,"href":"https:\/\/angela-labus.de\/index.php\/wp-json\/wp\/v2\/pages\/184\/revisions\/3194"}],"wp:attachment":[{"href":"https:\/\/angela-labus.de\/index.php\/wp-json\/wp\/v2\/media?parent=184"}],"curies":[{"name":"wp","href":"https:\/\/api.w.org\/{rel}","templated":true}]}}